mmon factor of u and 61.
1
Let y(p) = 290*p + 1789. Let b be y(-6). Calculate the greatest common factor of b and 168.
7
Suppose -799*u + 396 = -798*u. Suppose u = 18*a - 0*a. Suppose 0 = 4*w - 4, 3*z - 4*w - 194 = 0. What is the highest common factor of z and a?
22
Let d = -67 + 76. Let b be 11516/18 - -2*1/d. What is the greatest common divisor of 80 and b?
80
Let m be 54/(-27) - -1*(1 + 25). Calculate the highest common factor of 2976 and m.
24
Let k(m) = m**2 - 19*m + 50. Let v be k(16). Suppose -2*c = v*c + 2*j - 272, -j = 5*c - 343. What is the greatest common factor of 69 and c?
69
Suppose -150 = -16*f + 313 - 127. Calculate the highest common divisor of 3199 and f.
7
Let n(j) = 2*j**2 + 48*j + 26. Let l be n(-24). Let s(f) = -f + 54. Let x be s(l). What is the greatest common factor of 16 and x?
4
Let x be 6 - (1 - -4 - 4). Suppose t = 2*l - x*l + 6, 4*t = -2*l + 34. Calculate the greatest common factor of 3 and t.
3
Suppose -v - u + 181 = 0, -4*u - 531 + 145 = -2*v. What is the highest common factor of 259 and v?
37
Let x = 87500 - 87426. Let y be (-38)/(-9) + 4/(-18). Let j be y/6 + (-331)/(-3). What is the greatest common factor of x and j?
37
Suppose -3*z = 2*u, 4*z + 0 = 3*u - 34. Let f be (u/15)/((-2)/(-210)). Calculate the highest common factor of 210 and f.
42
Let w = 780 - 750. Suppose 4*d = -y + 2*d + 564, 0 = 3*y - 5*d - 1725. What is the highest common factor of y and w?
30
Let o = 1323 + -278. Suppose -13*b - o = -3190. What is the highest common factor of 22 and b?
11
Let g be (2 - -108) + -295 + 311. What is the highest common factor of g and 51156?
126
Let p(w) = w**3 + 12*w**2 - 16*w + 7. Let m be p(-12). Let d = m - 175. What is the highest common divisor of 16 and d?
8
Let i(c) = 3*c**2 - 17*c - 40. Let h be i(20). Suppose 0 = -3*m + 8 + h. Calculate the highest common divisor of m and 12.
12
Suppose -22*k + 245 = 13*k. Let r be 6/4*k*(-73 + 75). Let w = 3 - -18. Calculate the highest common factor of r and w.
21
Suppose -1367 = -2*v + b, b + 6 = -b. Suppose -10*a + v = 12*a. Calculate the greatest common factor of 124 and a.
31
Let c = 451 - 654. Let i = c - -258. Calculate the highest common divisor of 385 and i.
55
Let v = -3780 - -3802. Calculate the highest common divisor of 7942 and v.
22
Let h be ((-215636)/185)/((-2)/20) + -7. What is the highest common factor of 66 and h?
33
Let p(o) = 22*o - 1. Let f be p(1). Suppose -3*w - 39 = 3*g, -4*w - 29 - f = 5*g. Let l = w + 36. Calculate the greatest common factor of 7 and l.
7
Let q = -23 - -48. Let y = 11 - 23. Let n be y/(1 + 2) + 29. What is the highest common factor of q and n?
25
Suppose 0*k - 3*k - 3*k = 0. Suppose 9*f + 0 - 117 = k. What is the highest common factor of f and 221?
13
Suppose 0 = -8*a + 1727 - 215. Suppose -a + 28 = -7*m. Suppose 2*p = 67 - 21. What is the highest common divisor of m and p?
23
Suppose 5*y - 8*a + 5*a = 1691, -5*y + 4*a + 1688 = 0. Calculate the greatest common divisor of 130 and y.
10
Let m = 5 + 2. Suppose -77 = -8*o + 467. Suppose -9*a = -58 - o. What is the greatest common factor of a and m?
7
Suppose -2*i - 2*i + 500 = 0. Let y be ((-21)/(-14))/((-15)/100). Let j be ((-1016)/20)/(-2) - (-4)/y. What is the greatest common divisor of i and j?
25
Let f = -119 + 119. Suppose f = 2*j + 4. Let r be (-4381)/(-78) + j/12. What is the highest common divisor of r and 140?
28
Let i(h) = 15*h + 7*h + 111*h**2 - 112*h**2 - 39. Let r be i(19). What is the highest common factor of 72 and r?
18
Let q be 5/(25/110) + (12 + -3 - 3). What is the highest common factor of q and 3598?
14
Let r be 0 + 100394/(-13 + 27). What is the highest common divisor of 101 and r?
101
Let v be -34*-5*6/15. Calculate the greatest common factor of v and 629.
17
Let l(b) = -7*b**2 + 3*b + 1. Let d be l(3). Let o = d + 43. Let s be (-4)/o + (-358)/(-5). Calculate the greatest common divisor of 48 and s.
24
Suppose -254804 = -305*u - 37034. Calculate the greatest common divisor of 420 and u.
42
Let r be (-1 - -3) + (8 - 18). Let i be 69 - (r/(-4) - -1). Let l be (-2)/(-14) + (-795)/(-21) + -5. What is the highest common factor of l and i?
33
Suppose -8*n = -32 - 40. Let t = 12 - n. Let u be ((0 - 3) + t)/(-1) - -36. Calculate the greatest common factor of u and 9.
9
Let v(t) = 2*t**2 + 36*t - 37. Let g be v(-21). Let u = 134 - g. Calculate the greatest common divisor of u and 72.
9
Let v = -209 + 468. Let h(m) = 2*m + 52. Let c be h(-19). What is the greatest common factor of c and v?
7
Let j be (-1)/(17 + 193556/(-11385)). Calculate the greatest common divisor of j and 90.
45
Suppose -2*j + 3*j = 310. Let x(w) = -4*w**2 + 28*w - 44. Let r be x(4). Let g be (-1026)/(-513)*(-1 + 66/r). Calculate the greatest common factor of g and j.
31
Suppose -6*z = -8*z - 38. Let g be z + 2/(-4)*2. Let a be 105*(32/g)/(-4). What is the highest common divisor of 14 and a?
14
Suppose -28*u + 1355 = -2173. What is the highest common factor of 72 and u?
18
Suppose -3*z - 2*z + 35 = 0. Let o(h) = 2*h**3 - 10*h**2 - 3*h + 1. Let m be o(z). Suppose -25*p + 132 = -19*p. What is the greatest common factor of p and m?
22
Let c(m) = 2*m**2 - 91*m + 661. Let z be c(37). Calculate the highest common divisor of z and 106.
2
Suppose -3*t - 3*l = -501, 5*t + l = 257 + 594. Let h be 1 + 27 - (-46 + 47). Calculate the highest common factor of t and h.
9
Suppose 4*c + c + 337 = 3*z, 0 = -4*z + 5*c + 456. Calculate the highest common divisor of z and 68.
17
Suppose 2*o - 102 = -o. Suppose -u + 233 = -2*m, 0 = -u - 4*m - 681 + 878. What is the highest common factor of o and u?
17
Let g = -4121 - -4173. Suppose 4*l = -5*j + 1836, 3*l = -0*j - j + 376. Calculate the greatest common divisor of j and g.
52
Let w(n) = n**2 - 27*n - 384. Let u be w(38). What is the highest common factor of 1649 and u?
17
Let w be ((-6)/(-10) - (-271515)/75) + 3/15. Calculate the highest common divisor of 51 and w.
51
Let j = -39 + 52. Suppose 256 = j*x - 5*x. Suppose -9*t + 37 = 1. What is the highest common factor of x and t?
4
Let z = 94 + -78. Suppose -12*u + 4*u + 896 = 0. Calculate the greatest common factor of z and u.
16
Suppose 16*m - 9045 + 6021 = 0. Calculate the highest common divisor of 231 and m.
21
Let y(u) = -2*u**2 - 8*u - 46. Let b be y(-14). Let z = b - -336. Calculate the highest common divisor of z and 250.
10
Suppose -4*f + 5*k + 4111 = 0, 0 = -49*k + 50*k - 5. Calculate the highest common factor of f and 94.
94
Suppose m - 2*i = 71, 4*m + 6*i - 248 = 2*i. Let x = -49 - -84. Suppose x*g + 59 = 3*r + 31*g, 3*r = -4*g + 19. What is the greatest common factor of m and r?
13
Let c be -6*(-2)/(-3) - 143. Let p = c + 187. Calculate the greatest common factor of p and 130.
10
Let h(f) = -18*f - 61. Let l be h(-4). Suppose -8*y = -l*y + 684. What is the highest common divisor of y and 24?
12
Suppose -1464 = 2*v - 4*v + 3*n, -2*v - 4*n + 1492 = 0. Let i be 12 + ((-11)/(-44) - 3348/(-48)). What is the greatest common divisor of v and i?
82
Suppose 0 = -4*x - 41 - 43. Let p = x - -27. Suppose 32 = -18*f + 176. Calculate the highest common factor of f and p.
2
Suppose x = -5*p + 957, -3*p - 33*x = -30*x - 591. What is the highest common factor of p and 1748?
38
Suppose n + 21132 = 3*q + 6*n, 4*n = -12. What is the highest common divisor of q and 266?
133
Suppose 144 + 26 = x. Let z = x + -124. Calculate the highest common factor of 161 and z.
23
Suppose 3*j - 438 = 276*x - 278*x, 5*x - j - 1078 = 0. Calculate the greatest common divisor of x and 72.
72
Let q = -1773 + 1909. Calculate the greatest common factor of q and 88.
8
Suppose -41*f = -28*f + 52. Let b be (12 + -56)/(f/6). What is the greatest common factor of 55 and b?
11
Suppose 4*d + v + 22 = 6*d, d + 2*v - 11 = 0. Suppose 11*g - d = 44. Calculate the highest common divisor of g and 65.
5
Suppose 5*k - 924 = -11*m + 9*m, k + m = 183. Suppose 1028 = 7*n + 594. Calculate the greatest common divisor of k and n.
62
Let b = -29493 - -29497. Calculate the highest common factor of 40 and b.
4
Suppose p = -2*l, 33*l - 2 = 35*l. Let g = 49 - 23. Calculate the highest common divisor of g and p.
2
Let i = -510 - -681. What is the highest common divisor of 57 and i?
57
Let s be (-4)/(-4) + -2 + 3. Suppose -5*z + 205 = p + 2*p, -s*z - 5*p = -63. Let t be -1 + 